ed by k?
2
Suppose s = 2*d - 606, 0 = 4*d - 5*d - s + 309. Let w = d + -268. Calculate the remainder when 128 is divided by w.
17
Let z = 327 - 181. Suppose 12*m - z - 502 = 0. What is the remainder when m is divided by 30?
24
Let b(k) = k**3 - 9*k**2 + 5*k + 34. Let i be b(8). Let h(n) = n**2 - 14*n + 51. Calculate the remainder when 39 is divided by h(i).
6
Let w = -88 - -185. Let z be 5 + (1 - 1) + -2. Suppose -5*f - 3*y + 162 = 0, z*f + y = -62 + 160. Calculate the remainder when w is divided by f.
31
Suppose 15 = 2*o - 19. Let g(a) = 6*a - 1. Let w be g(1). Let p = 11 - w. Calculate the remainder when o is divided by p.
5
Let n(x) = 69 + 67*x + 47 - 98. Let o be n(5). Suppose -4*u + 221 = -u - 5*t, -4*u = 5*t - o. What is the remainder when u is divided by 32?
18
What is the remainder when 714 is divided by (-1)/(19/(-13507)) + (-1620)/(-15390)?
3
Suppose 0 = -8*h + 325 + 19. Suppose 0 = 5*u + 4*q - 2*q + 118, -12 = 3*q. Let y = h + u. What is the remainder when y is divided by 12?
9
What is the remainder when 275 is divided by (-492)/(-4) - (18 - 33)?
137
Calculate the remainder when 73 is divided by (-1408)/1056 - 10*17/(-6).
19
Suppose 15*h + 72 = 17*h. Calculate the remainder when ((-212)/40 + 5)*h*-5 is divided by 11.
10
Let c(m) = -5*m**3 - 129*m**2 - 10*m + 107. What is the remainder when c(-26) is divided by 74?
7
Suppose 24 - 20 = c. Suppose -5*u + 5*i = 75, -c*i + 9*i + 13 = -3*u. Calculate the remainder when 168 is divided by 0 - (8/(-4) + u).
12
Suppose -3*q = 3*m - 1503, 155*m + 3*q = 157*m - 1037. What is the remainder when m is divided by 3?
1
Let w(r) = -6*r + 118. Let f be w(5). Suppose 11 + f = 9*m. Calculate the remainder when 14 is divided by m.
3
Let q(a) = -a**2 - 2*a + 1769. Let c = 64 + -42. What is the remainder when c is divided by q(41)?
4
Let a(m) = 470*m + 2969. Calculate the remainder when 1501 is divided by a(-6).
11
Suppose 6*m + 2796 = 1080. Let d = m + 311. Calculate the remainder when d is divided by 19.
6
Suppose m - 106 = -4*u, -6*m - u + 198 = -4*m. Calculate the remainder when 509 is divided by m.
19
Let v(j) = -2059*j + 14535. What is the remainder when 3047 is divided by v(7)?
119
Suppose 0 = -4*y + 3*f + 78 - 5, -f - 35 = -2*y. Suppose y*h - 22*h + 330 = 0. Let g = 43 - 24. What is the remainder when h is divided by g?
17
Let t = -85 - -187. Let i = -81 + t. Calculate the remainder when 76 is divided by i.
13
Let h be ((-8)/(-12))/(12/54). Suppose h*s - 57 = -18. What is the remainder when s is divided by 4?
1
Suppose -374 + 59 = -21*d. Calculate the remainder when d is divided by 1.
0
Let c(g) = 136*g - 965. Calculate the remainder when c(10) is divided by 35.
10
Calculate the remainder when 2374*6*13/156 is divided by 70.
67
Suppose -2*v + 5*d = v - 191, -154 = -2*v - 2*d. Calculate the remainder when 208 is divided by v.
64
Suppose -s - 25 = 1. Let c = 53 + s. Suppose -b + 5*g + c = 0, 2*b - 62 = b - 2*g. Calculate the remainder when 152 is divided by b.
48
What is the remainder when (-32)/(-304) + (-4 - 58014/(-114)) is divided by 48?
25
Let g = 30 + 88. Suppose -4*l + 0 + 37 = 3*m, 50 = 5*m - 5*l. Suppose u - 288 = -m*u. Calculate the remainder when g is divided by u.
22
Let d = -4 - -1. Let c(u) = 3*u**2 + 17*u + 51. Calculate the remainder when 49 is divided by c(d).
22
Let o = -3487 + 3865. Calculate the remainder when o is divided by 20.
18
Let j = 13 + -11. Suppose j*w - 3*w - 4 = 0, -2*w = 3*z - 226. Calculate the remainder when z is divided by (2/6)/((-1)/(-480)*8).
18
What is the remainder when 22/(-23*(-22)/2783 - 29/220) is divided by 80?
40
Let h = 37 - -28. Let c be 323 - (-16)/(-12)*-3. Let x = c - 305. What is the remainder when h is divided by x?
21
Suppose 53*p - 254 = 594. Calculate the remainder when 552 is divided by p.
8
Let o be (-5 - -7)*-1 - -37. Suppose -o*h = 4*u - 30*h - 105, u - 5*h - 20 = 0. Let n = 228 + -156. What is the remainder when n is divided by u?
22
Suppose 160*d + 2226 - 5426 = 0. Calculate the remainder when 291 is divided by d.
11
What is the remainder when 306 is divided by ((-4158)/(-495))/((-1)/(-5))?
12
Suppose -3*i + i = -74. Let t(n) = 4*n**2 - 8*n + 2952 - 3*n**2 - 2970. What is the remainder when i is divided by t(11)?
7
What is the remainder when 277 is divided by (660/605)/((-2)/(-121))?
13
Let b(u) = 990*u - 1255. What is the remainder when b(6) is divided by 66?
65
Let v be (-48)/(-20)*20/8. Suppose -7*n = -v*n - 22. Let w(g) = 4*g**2 + 2*g. Calculate the remainder when w(3) is divided by n.
20
Suppose 2*k + 8 = -3*v, 0 = 4*v + 21 - 5. Suppose -3*r + 6 = k*o - 39, -r + 2*o = -15. Calculate the remainder when r is divided by 6.
3
Suppose 2823 + 741 = -9*w. What is the remainder when 60 is divided by 11/(w/(-207)) + (-10)/(-8)?
4
Let k(t) = -t**2 + 16. Let p be k(-4). Suppose p = -4*u + 2*m + 778, 395 = 5*u - 3*u - 3*m. What is the remainder when u is divided by 49?
46
Let i(p) = p**3 - 23*p**2 + 22*p + 39. Let m be i(22). Suppose -3 = -4*t - m. Calculate the remainder when 3136/24 - 3/(t/(-2)) is divided by 19.
16
Let b(t) = t**3 - t - 1. Let d(m) = -6*m**2 - 8*m + 3. Let y(j) = -2*b(j) + d(j). Let l be y(-5). Let z = l - 69. What is the remainder when z is divided by 23?
20
What is the remainder when 7 + 1316*((-18)/(-45) + (-184)/(-140)) is divided by 564?
7
Suppose 27*l = 36*l - 99. Let r = 10 + -7. Suppose -3*a - 2*z + 125 = -z, -5*a = -r*z - 227. What is the remainder when a is divided by l?
10
Let r(z) = z**3 - 13*z**2 + 18*z - 6. Let i be r(12). Calculate the remainder when 470 is divided by (-6)/(-8)*5192/i.
57
Let u = 1153 - 426. Let r = -666 + u. Calculate the remainder when 178 is divided by r.
56
Suppose -3*v - 46 = -8*v - u, -2*v - u = -16. Suppose 7*b + 6*b = -8*b + 1617. What is the remainder when b is divided by (v*1)/((-3)/(-6))?
17
Let p = 410 - 317. Suppose 21 - p = -3*m - a, 5*m + 5*a = 130. Calculate the remainder when 344 is divided by m.
22
Suppose -7*a + 31 = -67. What is the remainder when 48 is divided by a?
6
Let r = 100 + -100. Suppose -2*q + 4 = r, 4*q = 3*x - q + 1. Suppose -67 + 28 = -x*t. What is the remainder when 74 is divided by t?
9
Suppose -3*j = -q - 67, -2*j + 6*q + 5 = -13. Calculate the remainder when 758 is divided by j.
14
Suppose -3*l = -7676 - 8395. Calculate the remainder when l is divided by 38.
37
Let p = 13 - -570. What is the remainder when p is divided by 27?
16
Let c(q) be the third derivative of -13*q**4/8 - 2*q**3 - 68*q**2. Calculate the remainder when c(-1) is divided by (-192)/(-14) + (-4)/(-14).
13
Suppose -536*t = -533*t - 2*i - 82, -6 = -t - 2*i. What is the remainder when 2174 is divided by t?
18
Suppose 2 - 6 = -2*o. Suppose o*k + 0*k = 78. Calculate the remainder when k is divided by 22.
17
Let k be (0 - 0)/(-2) - 4/(-1). Suppose 507 = 4*b + 3*r, 2*b - 3*r + k*r = 253. Calculate the remainder when b is divided by 32.
30
Suppose -657 = 5*a - 78*a. Calculate the remainder when 87 is divided by a.
6
Suppose -o - 2*w + 1246 = 0, 5*w = -0*w - 10. Suppose -3*d = -2*d + 5*s - 3, -3*d + 9 = s. What is the remainder when 3/27 - o/(-90) is divided by d?
2
Suppose 0 = 5*z - r - 714, 0 = 2*r - 14 + 22. Suppose l - 64 = -4*n + 5*l, -3*l = n - 4. Calculate the remainder when z is divided by n.
12
Let r = -146 - -152. Suppose 5*a - 119 = -h, 2*a + 32*h - 35*h - 34 = 0. What is the remainder when a is divided by r?
5
Let w = 2804 - 2595. Calculate the remainder when 220 is divided by w.
11
Suppose 9*q - 71 = -5*f + 6*q, q = -3*f + 33. Let s = 779 + -550. What is the remainder when s is divided by f?
5
Suppose -12 = -19*f + 7. Suppose c - 5*s = 4, -2*s + 6 = -2*c + s. What is the remainder when 59 is divided by (c/5)/((-21)/280) - f?
14
Let t(n) = -7*n + 19. Let a be t(5). Let f = a - -36. Let h = -33 - -37. What is the remainder when f is divided by h?
0
Let q(h) = -h**3 + 11*h**2 - 3*h. Let m be q(10). Suppose -9*z + 14*z = m. What is the remainder when 22 is divided by z?
8
Let z = 2518 + -231. What is the remainder when z is divided by 79?
75
Suppose -5*p - 164 + 184 = 0. Suppose -19 + 4 = 5*k, p*k = 5*j - 147. What is the remainder when 160 is divided by j?
25
Let k = 4 + 10. What is the remainder when 180/24*1*20 is divided by k?
10
Suppose -68*o + 1381 = -931. What is the remainder wh